c = -3*m + 2*m + 7. What is the units digit of m?
7
Suppose 5*t + 2*z = 20, 0 = 4*t - 9*t - 3*z + 15. What is the units digit of (-315)/14*(-8)/t?
0
Let k(u) = 4*u - 21. What is the units digit of k(6)?
3
Suppose -15 + 5 = -2*x. Suppose x*p - 155 = m, -6*p + p - 4*m + 180 = 0. What is the tens digit of p?
3
Let q be (0 + 0)*(-1)/2. Suppose q*f = 2*f - 2. What is the units digit of f?
1
Suppose -3*b = -2 + 5. Let a = 4 + b. What is the units digit of (3 - 4/a)*9?
5
Let g be (3/2)/(2/(-4)). Let p = -25 + 15. Let x = g - p. What is the units digit of x?
7
Suppose -5*j - 1 = -16. Suppose -j = 2*c - 5*c. Let m = 8 - c. What is the units digit of m?
7
Let w(m) = -m**3 - 13*m**2 - 12*m + 12. Let h(s) = -3*s**2. Let a be h(-2). Let r be w(a). Suppose -3*n + 66 = r. What is the units digit of n?
8
Suppose 0 = -35*p + 30*p + 640. What is the hundreds digit of p?
1
What is the units digit of -8*(0/(-2) - (-115)/(-10))?
2
Suppose -2*g - 4*m - 25 = -3, 2*m = -6. What is the units digit of ((-3)/g - 0)*10?
6
Suppose -5*h = 5*d - 1460, 4*h + 624 = 5*d - 836. What is the units digit of d?
2
Let p(b) = b + 5. Let v be p(-5). Suppose v*g = g. What is the units digit of g/((-2)/1) - -20?
0
Suppose 3*g - 4*u - 23 = -0*u, -4*g + 30 = -5*u. Let k = -18 + 27. Suppose g*i - 6 - k = -5*o, i + 27 = 5*o. What is the units digit of o?
5
Let t = 204 + -59. Suppose 0 = -z + 6*z - t. What is the tens digit of z?
2
Suppose 0 = -3*d + 2*z + 139, 5*z + 231 = 5*d + 2*z. What is the units digit of d?
5
Suppose 608 = 4*c + 2*j, 0*c + 4*j - 298 = -2*c. What is the units digit of c?
3
Suppose 5*n - 8 = -4*f, 0 = -5*f - 4*n + 19. Suppose -3*u + 1 = f. What is the units digit of (-4)/(-2)*(-3)/u?
3
Suppose -68 = -12*v + 8*v. What is the tens digit of v?
1
What is the tens digit of 7 + 4 + (1 - 2)?
1
Let d = 5 + -7. What is the units digit of (d - 9/(-1)) + -1?
6
Let b(g) = -g**2 + 14*g + 13. Let f be b(15). What is the units digit of (-3)/f*(-200)/(-12)?
5
Let w be 3 - (-2 - -119)/3. Let j = -22 - w. What is the tens digit of j?
1
Suppose 21 + 14 = 5*a. Suppose 38 = -5*h - 2*p - 2*p, h = 2*p - 2. Let r = a + h. What is the units digit of r?
1
Let g = 23 + 13. What is the units digit of 4/2*g/8?
9
Let i be (-2)/(-8) - 78/24. What is the units digit of ((-8)/(-4))/((-2)/i)?
3
Let u(v) = 4*v**2 + 18*v + 18. What is the units digit of u(-6)?
4
Let m(d) = d - 3. Let g be m(6). Let t(v) = 4*v - 3 + 0 - g + v**2 + 5. What is the units digit of t(-5)?
4
Suppose 0 = f + 4*u - 35, -f = -u + 4*u - 31. What is the tens digit of f?
1
Let l(w) = -w**3 - 3*w**2 + 4*w + 1. Let i be l(-6). Suppose -2*a = 3*a - i. What is the tens digit of a?
1
Suppose t - 4*t = -135. What is the units digit of t?
5
Let p(m) be the first derivative of m**4/4 - 5*m**3/3 + 3*m + 1. What is the units digit of p(5)?
3
Let c = 19 - -21. What is the units digit of c?
0
Suppose -10*j + 6*j = 0, -1590 = -5*n + 4*j. What is the units digit of n?
8
Let k = 244 + -159. Suppose 5*p - j + 9 = k, 2*j = -2. What is the units digit of p?
5
What is the hundreds digit of (2 + 0 - 109)*(-1 + 0)?
1
Let k(n) = -n**2 - 6*n + 111. What is the tens digit of k(0)?
1
Let p be 50/3 - (-2)/6. Suppose 0*m - 2*h = 4*m - 18, 4*m = 5*h - p. What is the units digit of m?
2
Suppose -4*u + 21 = 89. Let d = -6 - u. What is the tens digit of d?
1
Let h = -9 + 11. Let a(s) = s**3 + 2*s**2 - 3*s + 2. Let z be a(-3). Suppose -h*g = -2 - z. What is the units digit of g?
2
Suppose -6*n = -1090 + 340. What is the units digit of n?
5
Let s be -1*2*(-5)/2. Suppose 0 = s*a + 50. Let p(y) = -2*y - 10. What is the tens digit of p(a)?
1
Let q(s) = 3*s**2 - s - 3. What is the units digit of q(4)?
1
Suppose 3*z - 12 = -z. Suppose z*q - 3 = -0. Suppose -7 - q = 2*k, 5*k - 8 = -4*s. What is the units digit of s?
7
Suppose -4*t = 4*d - 7*d - 1724, -4*t = 5*d - 1756. What is the hundreds digit of t?
4
Let f be 7/14*64/1. Suppose -m = 5*v - 8, 0 = -4*m - 3*v - 0*v + f. Suppose 4*x - 76 = -m. What is the tens digit of x?
1
Suppose -2*a = -8, o - a = 31 + 144. What is the units digit of o?
9
Let h be 8/12*(-15)/(-2). Suppose 0*w + 16 = 4*w, h*w + 34 = 3*c. What is the units digit of c?
8
Suppose -3*z + 0 = 3. Let w(m) = -6*m**3 - m**2 - m - 1. Let b be w(z). Let p = -3 + b. What is the units digit of p?
2
Let k(v) = -2*v - 1. Let s be k(-2). Let m = 0 + 0. Suppose i - 3*y + y = 0, s*i - 4*y - 4 = m. What is the units digit of i?
4
Suppose 2*y = -2*y - 60. Let u = 7 - y. What is the tens digit of u?
2
Let q(a) = 4*a**2 - 4*a + 1. Let w = -20 - -23. What is the tens digit of q(w)?
2
Suppose -2*r + 58 = -7*a + 2*a, 2*a + r = -25. Let k = -11 - a. What is the units digit of k?
1
Suppose 2*u + 2*i + 38 = 0, -4*i - i + 1 = -u. What is the units digit of u/(2 - (-4)/(-1))?
8
Let s(v) = -2*v**2 + 7*v - 7. Let h be s(5). Let a = h - -31. Let y = -3 + a. What is the units digit of y?
6
Let o be 19 + -3 - -3*1. Suppose 5*w - o - 56 = 0. What is the units digit of w?
5
Let m = -6 + 4. Let f = -3 - 6. What is the units digit of ((-6)/m)/(f/(-24))?
8
Let i(a) = -4*a**2 + 7*a**2 + 9*a - a**2 - a**3 + 2 + 4*a**2. What is the units digit of i(7)?
6
What is the tens digit of 226 + (-7)/((-21)/2)*3?
2
Let l be 0/(-1 - 3*-1). Let t be 1 + (1 - 0) + l. Suppose -3 + 5 = t*c. What is the units digit of c?
1
Let q(z) = 0 + z**2 - z - 2 + 3*z. Suppose -7*a + a + 18 = 0. What is the tens digit of q(a)?
1
Suppose 6*p - 3*p = 0. What is the units digit of (-7)/(3/(-3)) - p?
7
Suppose 0 = 2*n + 3*s - 23, -17 = -3*n - 2*s + s. Let r(u) = -u + 4. Let b be r(6). Let p = b + n. What is the units digit of p?
2
Let d = 12 - -20. What is the tens digit of d?
3
What is the units digit of (-118)/(-4) + 39/(-26)?
8
Let d = -105 - -215. What is the hundreds digit of d?
1
Suppose 0 = 3*g - 27 - 9. What is the units digit of g?
2
Let t be 15/(-2)*(-4)/6. Suppose -t*q = -2 - 23. Suppose 2*g = -4*u + 40, -q*g = u - g - 10. What is the tens digit of u?
1
Suppose 3*y = 2*h - 20, 7*h + 25 = 2*h. Let o = y - -10. Suppose o = -2*d + d + 11. What is the units digit of d?
1
Let t = 138 + -14. What is the hundreds digit of t?
1
Suppose -r + 4*l - 7 = 0, -r - 7 - 6 = -l. Let s = r + 35. Suppose 8*d = 3*d + s. What is the units digit of d?
4
What is the units digit of (-10)/110 - (-816)/22?
7
Let y(d) be the first derivative of -7/3*d**3 - 1/4*d**4 + 6*d - 3 - 7/2*d**2. What is the tens digit of y(-6)?
1
Suppose -f + 18 = 4*a, 0*a - 14 = -3*f - 2*a. Suppose 30 = -0*b + f*b. What is the units digit of b?
5
What is the units digit of (0 - (-3)/2)/((-3)/(-212))?
6
Suppose -t + 54 = -4*t. Suppose l = 8*d - 5*d + 9, -2*l = 2*d + 14. What is the units digit of l*(-3)/t*-4?
2
Suppose 5*l = l - 232. What is the tens digit of (-4)/(-10) - l/5?
1
Let j(o) = -9*o + o + o**3 - 6*o**2 + 9 + 3*o + 2*o. What is the tens digit of j(7)?
3
What is the units digit of 310 + (-2)/(-8)*4?
1
Let h(a) = -a**3 - a**2 + a - 1. Let w(i) = 6*i**3 - 3*i**2 + 2*i - 3. Let s(n) = -5*h(n) - w(n). What is the units digit of s(7)?
8
Let i be 1 + (-18)/(-3) + 1. Let n be 2/(3 + -2) + i. What is the units digit of (-2 - -1)*1 + n?
9
Let g(v) = -v + 5. Let l be g(3). Suppose 5 = -5*y + 3*j, l*j - 4*j - 10 = 0. Let x = 16 - y. What is the units digit of x?
0
What is the units digit of (-1)/((2/120)/((-14)/4))?
0
Let b = -30 - -15. Let c = 9 - b. What is the units digit of c?
4
Let n = -2 + 4. What is the tens digit of n/(-3) + (-65)/(-3)?
2
Suppose -4*o - 3*x + 232 = -x, 0 = 5*o - 4*x - 264. What is the tens digit of o?
5
Let v be 4 - (-4 + 3 - -1). Suppose 3*s - 3 = -v*y, 2*y + 6 + 0 = -4*s. Let g = s + 25. What is the tens digit of g?
2
Let l be (-9 + -1)*(-10)/25. Suppose 6 + l = r. What is the units digit of (-2)/5 + 34/r?
3
Suppose 0*u + 26 = u. What is the tens digit of u?
2
Let t(v) = 4*v - 2. Let x(j) = -5*j + 2. Let a(n) = -4*t(n) - 3*x(n). What is the units digit of a(-4)?
6
Suppose -3*q + 22 + 68 = 0. What is the tens digit of q?
3
Let t(r) = -r**3 - 11*r**2 + 13*r + 14. Let o be t(-12). Suppose z + o*z + f = 55, -5*f + 95 = 5*z. What is the tens digit of z?
1
Let o(l) = -l**2 - 7*l + 7. Let r(y) = 3*y**2 + 22*y - 21. Let t(d) = 7*o(d) + 2*r(d). What is the units digit of t(-6)?
1
Suppose 0 = 48*b - 53*b + 230. What is the units digit of b?
6
Let h 